 -q*z + 556 = 2*j, 0 = 2*j + j + 3*z - 834. What are the prime factors of j?
2, 139
Suppose 4*j + 619 = 3071. What are the prime factors of j?
613
Let u(h) = 4 - 13*h + 14*h + 0. Let l be u(-4). Suppose 2*o - 75 = -l*o + 3*p, 0 = -2*o - p + 63. List the prime factors of o.
3, 11
Let i(n) = n**2 + 7*n - 21. Let o be i(-9). Let u be (239 + 7)*(-2)/o. What are the prime factors of u/14 - 8/(-28)?
2, 3
Suppose -g = 4*n, g - n + 4*n - 2 = 0. Suppose -3*k + g = 4*q - 3, -4*q + 3 = -5*k. What are the prime factors of -5*k*220/(-50)?
2, 11
Let y(c) = c**3 - 4*c**2 + 6*c - 1. Suppose 2*i + 7 = 5*m, -2*i - 2*i + 22 = 2*m. List the prime factors of y(i).
23
Let n = -1717 + 3666. What are the prime factors of n?
1949
Suppose -23*y + 14920 = -56610. What are the prime factors of y?
2, 5, 311
Suppose b + 7 = -3*o + 6, 3*o + 13 = 5*b. Suppose -4*s + 262 = b*d, 296 = 4*d + 4*s - 244. List the prime factors of d.
139
Suppose -2*i + k + 488 = -4*k, 0 = -4*i + k + 958. List the prime factors of i.
239
List the prime factors of 2/(-7) - 1098/(-21).
2, 13
Suppose 90 = -5*b - b. List the prime factors of (-9)/((b/18)/5).
2, 3
Suppose 37*u = 35*u + 272. What are the prime factors of u?
2, 17
Suppose y + 3*n - 362 = 206, -3*n - 2347 = -4*y. What are the prime factors of y?
11, 53
Suppose -2*b = -3*j - 3, j = -b - b - 1. Suppose w + 0*w = i + 90, b = -5*w - 2*i + 478. List the prime factors of w.
2, 47
Let k(p) = -p - 3. Let y = -10 + 11. Let t = -7 + y. List the prime factors of k(t).
3
List the prime factors of 17*(0 - (-2 + -3)).
5, 17
List the prime factors of 160 + 2 + (-9)/((-72)/16).
2, 41
Let s(w) = w**2 - 8*w + 10. Let a be s(7). Let j(x) = x + 3 + a + 3*x**3 - 8 + 0*x - 3*x**2. What are the prime factors of j(2)?
2, 3
Suppose -4*f - a = -0*a - 10, -4*f - 5*a + 18 = 0. Suppose -3*o + 80 = f*o. What are the prime factors of o?
2
Let m = 34 + 13. Let b = -5 + m. What are the prime factors of b?
2, 3, 7
Let q(f) = 2*f**2 - 23*f + 1. Let d(v) = 3*v**2 - 34*v + 1. Let c(o) = -5*d(o) + 8*q(o). Let p be c(10). Let k = p + 53. What are the prime factors of k?
2
Let j(t) be the third derivative of -t**6/120 + t**5/5 - 7*t**4/12 - 3*t**3/2 - 8*t**2. What are the prime factors of j(7)?
2, 3, 23
Suppose 0 = 4*f - 8*f + d - 31, 2*d + 37 = -3*f. What are the prime factors of (14/(-18) - -1) + (-871)/f?
97
Let v(w) = 16*w - 7. Let s = -8 + 10. Suppose 19 = -2*p + 5*p - s*a, p - 3*a = 18. List the prime factors of v(p).
41
Suppose -90 - 24 = -3*d. Suppose 5 = h - d. What are the prime factors of h?
43
Let s(y) = 81*y - 37. List the prime factors of s(11).
2, 7, 61
Let c = -34 + 38. Suppose -8*j + c*j + 92 = 0. List the prime factors of j.
23
Let h(c) = 105*c**3 - 4*c**2 + c - 4. Let l(a) = -a**2 + a - 1. Let p(r) = -h(r) + 3*l(r). What are the prime factors of p(-1)?
3, 5, 7
Suppose -3*x + 2 = -5*x. Let s(m) = -7*m - 3. What are the prime factors of s(x)?
2
Suppose -3*p + 5*p = 4. Let u be 4 + ((-2)/p)/1. Suppose -50 = -u*m - d, -2*m = d + 3*d - 50. What are the prime factors of m?
3, 5
Suppose 12*f = 10*f - 218. Let g = 186 + f. List the prime factors of g.
7, 11
Let h = 4376 - 2489. What are the prime factors of h?
3, 17, 37
Let a = -960 + 1360. List the prime factors of a.
2, 5
What are the prime factors of (-1)/(-2) - 4105/(-10) - -4?
5, 83
Suppose 5*a - 92 - 2707 = 3*x, -3*x = 2*a - 1128. What are the prime factors of a?
3, 11, 17
Let h = -120 + 184. Suppose -202 = -g - h. List the prime factors of g.
2, 3, 23
Let n(a) = -6*a - 5. Let y be n(-4). Let j = y - 13. Suppose 4 = h - j. What are the prime factors of h?
2, 5
Suppose -2*w - 2*w + 16 = 0. Suppose -3*x + 327 = -0*x + 2*i, 4*x - w*i - 436 = 0. List the prime factors of x.
109
Suppose 5*c + 140 = -i, 3*i + 14 = -c - 0*i. Suppose -12*l - 523 - 113 = 0. Let o = c - l. List the prime factors of o.
2, 3
Suppose -3*p + o = -487, 0 = -3*o + 2 - 14. List the prime factors of p.
7, 23
Suppose 5*h = 2*h - 5*s + 20, -4*h + 8 = 2*s. Suppose h = -r + 12 - 10. Suppose -82 = -r*i + 5*m, 2*i + 2*m + 2*m = 100. What are the prime factors of i?
2, 23
Suppose 4*b + 4*n = 5*b - 17, -3*n + 1 = 2*b. Let w(j) = j**2 - 3*j - 7. Let q be w(b). Suppose -7 = -q*m + 26. List the prime factors of m.
11
Suppose 5*r = 2*r + 4*u + 7670, 4*r - u = 10231. What are the prime factors of r?
2, 1279
Let s(r) = 36*r**2 - 6*r - 7. What are the prime factors of s(-1)?
5, 7
Let d = -233 - -471. What are the prime factors of d?
2, 7, 17
Suppose d = 3*m + 59, 4*d = -m + 4*m + 245. Suppose 4*x + 2 = d. Let p(i) = i**3 - 14*i**2 - 14*i - 3. List the prime factors of p(x).
2, 3
Let x be (4/(-14))/(11/(-77)). Suppose -x*u + 142 = v, 5*u + 0*u = -3*v + 425. List the prime factors of v.
2, 5, 7
Suppose f = -0*f. Let m = -2 + -7. Let z = f - m. What are the prime factors of z?
3
Suppose -t + 3 = -4. Suppose -t*x + 3*p + 97 = -3*x, -4*x + 103 = -5*p. Let z = x - 11. List the prime factors of z.
11
List the prime factors of ((-80210)/(-195))/(4/6 - 0).
617
Let w(x) = x + 72. Let u be w(0). Suppose u*j - 68*j = 892. List the prime factors of j.
223
List the prime factors of 5227/9 - (200/90)/(-10).
7, 83
Let h(i) = 8*i - 13. Let k be 3/6*0 + 9. List the prime factors of h(k).
59
Suppose y = h - 4*h - 9, -4*h + 40 = -3*y. Let a = 32 + y. Suppose -3*v = 2*c - 4, 6*v - a = 2*v + c. List the prime factors of v.
2
List the prime factors of (-744)/(-20) + (-8)/(-10).
2, 19
Let f = 291 - -2277. List the prime factors of f.
2, 3, 107
Suppose 0*m = -18*m + 5004. List the prime factors of m.
2, 139
Let f = -3067 + 8209. List the prime factors of f.
2, 3, 857
Let n be (-35238)/315 + (0 - 2/15). Let k = n + 126. What are the prime factors of k?
2, 7
Let c be 1*(-2 + 0) - (-7 + 1). Suppose -4*u + 0*z + 2*z + 190 = 0, -c*z = -2*u + 92. What are the prime factors of u?
2, 3
Suppose 0 = 2*v - 3*a - 6 - 5, 0 = 2*v + 4*a - 32. Suppose 5*u + v + 30 = 0. Let f = 20 + u. What are the prime factors of f?
2, 3
Let u = 4 - 3. Let k(b) = 153*b**3 + b - 1. Let z be k(u). Suppose 4*s + 5*f - z = -0*s, 5*s = f + 155. What are the prime factors of s?
2
Let v(i) = -13*i**2 + i**2 - 14*i - 12 + 11*i**2. Let h be v(-12). Let x = h + 2. What are the prime factors of x?
2, 7
Let u = -3 + 3. Suppose -5*w + 0*v + 3*v = -281, 4*v - 244 = -4*w. Suppose u = -2*y - w + 170. What are the prime factors of y?
2, 7
Suppose -27*j = -18*j - 7164. What are the prime factors of j?
2, 199
Suppose -2*k + 5*k - o = -1, 2*o = 4*k + 2. Let y(b) = b**3 + 8*b**2 + b + 3. Let u be y(-7). Let x = u + k. List the prime factors of x.
3, 5
Let k be (-3 - -5)/(-1) + 5. Suppose 2*c - 3*c + k*p + 9 = 0, -5*c - 4*p + 121 = 0. List the prime factors of c.
3, 7
Suppose 5*z = -4*j + 6588, 0 = 4*z + j - 416 - 4850. What are the prime factors of z?
2, 7, 47
Suppose b + b = 8. Suppose 2*a + 5 = -0*a - 5*f, a - 4*f - b = 0. What are the prime factors of -3*(-9)/(a - -3)?
3
Suppose u = -5*y + 1328, 2*u - 5*y - 1713 = 973. List the prime factors of u.
2, 3, 223
Let v(m) = 42*m**2 + 4*m - 6. What are the prime factors of v(4)?
2, 11, 31
Let b(u) = -u**3 - 40*u**2 + 24*u + 111. What are the prime factors of b(-41)?
2, 101
Let t be 1 - (-3)/(-9)*3. Suppose 2 = 5*o - 18, 2*g + 4*o - 172 = t. List the prime factors of g.
2, 3, 13
Let z be (4312/(-14))/(2 - 1). What are the prime factors of z*(-4)/8 - -4?
2, 79
Let z = 2 + -14. List the prime factors of 498/(-2)*(16/z)/4.
83
Let r(a) = 3*a**3 + 12*a**2 - 21*a + 22. List the prime factors of r(10).
2, 17, 59
Let b = 21 - 13. Let x = b - 3. Suppose -x*z = -7*z + 56. List the prime factors of z.
2, 7
Let o be 2/(-3) + (-10)/(-15). Let f(b) = -b**3 + b**2 + 64. What are the prime factors of f(o)?
2
Let o = 38 - 36. Suppose g - 3*j - 9 = -o*g, -2*g = 4*j. List the prime factors of g.
2
Suppose 6*w - 2858 = -536. Suppose -4*h - 143 = -w. List the prime factors of h.
61
Let a be 1 + 2 - -4 - 4. List the prime factors of (a - (-2 + 3)) + (52 - -4).
2, 29
Let b = -31 + 68. Suppose 35*l - b*l + 38 = 0. List the prime factors of l.
19
Suppose -4*w - 1133 + 2865 = 0. List the prime factors of w.
433
Let o = -850 + 1731. List the prime factors of o.
881
Suppose 5*x - f - 44 = 0, 0 = 2*x + 3*f + 2 - 6. Suppose 0 = -2*b - 8, 2*n + 4*b + 8 = 2*b. Suppose n - x = -l. What are the prime factors of l?
2
Supp